se 5*p = 2*u + 2*p - 153, 5*u + 3*p = 351. Suppose -33 = 2*o + o + 4*i, -u = 4*o - 4*i. Let x = o + 25. What are the prime factors of x?
2, 5
Let j be ((-20)/(-3 + 2))/(-1). Let d = j + 24. List the prime factors of 17 - (-2 + d - 3).
2, 3
List the prime factors of 4 + -8 + (650 - (4 - 8)).
2, 5, 13
Suppose 26*l - 31*l + 95 = y, -5*y = 5*l - 575. List the prime factors of y.
2, 3, 5
Let l(y) = 13*y**2 - 17*y + 12. List the prime factors of l(5).
2, 3, 7
Suppose -64 = 5*q - 9. Let o(w) = w**2 - 1. Let y(b) = -14*b - 1. Let s(p) = -o(p) + y(p). List the prime factors of s(q).
3, 11
Let p = 28 + 63. Let w = p + 127. List the prime factors of w.
2, 109
List the prime factors of (-2)/(-14) + (5 - (-5052)/14).
2, 3, 61
Suppose -2*l = -3*r + 132, 2*r + 6*l = 2*l + 72. Suppose -x = -6 - r. List the prime factors of x.
2, 3
Let t be (13/(-26))/(2/(-4)). Let a = -1 + t. Suppose -4 = -2*p, -2*f - p - p + 56 = a. What are the prime factors of f?
2, 13
Let z(o) = o**2 - 3*o - 22. Suppose 5*p = 3*m - 16, 0*p = -5*p + 5. What are the prime factors of z(m)?
2, 3
List the prime factors of ((-16450)/(-20) + 5)*4.
2, 5, 331
Let z(t) = 6*t**3 + 10*t**2 - 4*t + 10. List the prime factors of z(4).
2, 269
Let i(x) = x**2 - 6*x + 4. Let j be i(6). Suppose u - 4*m = -2*m + 84, -j*m = -u + 76. What are the prime factors of u?
2, 23
Let s = -280 - -802. What are the prime factors of s?
2, 3, 29
Let z be 1/(-2 + 3) - (31 - -2). List the prime factors of z/(-6)*(-66)/(-4).
2, 11
Let l = -497 + 748. What are the prime factors of l?
251
Let w = -2046 + 3306. What are the prime factors of w?
2, 3, 5, 7
Let g be 112/10*(-5)/(-1). Let k = g - 32. Let u = k + -16. What are the prime factors of u?
2
Let b be (3/(-2))/((-24)/176). Suppose b*m - 7*m = 92. What are the prime factors of m?
23
Let j(a) = 91*a**2 + 3*a + 1. Let l be j(-1). Suppose 3*k - 131 = -h, -k + h = k - l. List the prime factors of k.
2, 11
Let h(s) = -2*s**2 + 3*s - 10. Suppose -3*j = 3*v - 27, -5*j - 3*v = -8*v - 15. Let p be h(j). Let l = -44 - p. List the prime factors of l.
2, 5
Let f be (-4)/((-4)/4) - -1. Let w(k) = 34*k - 6. List the prime factors of w(f).
2, 41
Let h be -1*(-2)/(-6) + (-1)/(-3). Suppose -5*l + 4*f = -498, h = -6*f + f - 10. What are the prime factors of l?
2, 7
Let l be 2/1*(0 + 1). Suppose 0 = -2*z - l*b - 2, -1 = 5*z + 2*b + 1. Suppose -5*g = q + 1, 0 = -z*g + 3*g + 6. What are the prime factors of q?
3
Suppose -4*d + 2351 = 5*t - 3294, 0 = -d - 3*t + 1406. Suppose 0 = -86*k + 81*k + d. What are the prime factors of k?
283
Suppose d + 3*d - b - 25 = 0, -2*d = 2*b. Suppose -3*x + 2*c + 317 = 0, 527 = d*x - 4*c + c. What are the prime factors of x?
103
Suppose -3*y = -5*y + 1284. Suppose 8*v + 42 = y. What are the prime factors of v?
3, 5
Let z = 75 - 70. What are the prime factors of z?
5
Let o(u) = -u**3 + 3*u**2 + 5*u - 7. Let p be o(5). Let i = p - -58. List the prime factors of i.
2, 13
Let q be (2/(-6))/((-1)/3). Let u be (9/(-3) - -2) + q. Suppose -f = -u*f - 16. List the prime factors of f.
2
Suppose 0 = 4*l - 5*i - 1141, 4*l + i - 1165 = -2*i. What are the prime factors of l?
17
Let t(h) = -430*h + 2. Let y be t(-5). Suppose -2*m + 3*d - 25 = -0*d, -m - 2*d + 5 = 0. What are the prime factors of y/40 - (-4)/m?
53
Let j(d) = 3*d. Let s(l) = 16*l**2 - 14*l. Let u(o) = 5*j(o) + s(o). Let x(z) = z**3 - 5*z**2 - 6*z + 1. Let a be x(6). What are the prime factors of u(a)?
17
Suppose -5*d + 200 = -805. Let f = d + -92. List the prime factors of f.
109
Let m(s) = s**2 - s. Let d be m(1). Suppose -4*i - i + 570 = d. Suppose 5*g = i + 6. What are the prime factors of g?
2, 3
Suppose 348*x + 9328 = 359*x. List the prime factors of x.
2, 53
Let w be (183*-1)/3*-1. Suppose -2*v + w = -41. What are the prime factors of v?
3, 17
Suppose 11*r = 768 + 3192. List the prime factors of r.
2, 3, 5
Suppose j - 298 = z + 2*j, 0 = z - 5*j + 304. Let n = 431 + z. Suppose -18 = -6*a + n. List the prime factors of a.
5
Let a(x) = -2*x**2 - 5*x - 6. Let f be a(6). Let y = f - -303. List the prime factors of y.
3, 5, 13
Suppose -4*m + 93 = w, 3*m = m + 2*w + 34. Suppose -m = -5*a + 333. What are the prime factors of a?
71
Let r be ((-2)/6)/((-1)/9). Suppose -5*s + 17 = 3*u, 0 = u - 2 + r. Suppose -3*k + v + 11 = -5, -s*k - 2*v = -38. List the prime factors of k.
7
Suppose 5*m = 52*m - 282329. What are the prime factors of m?
6007
Suppose 4*p + 5*w - 8*w - 2739 = 0, -3400 = -5*p - w. List the prime factors of p.
3, 227
Let k be ((-12)/8)/(0 + 3/(-8)). What are the prime factors of k/(7/((-364)/(-8)))?
2, 13
What are the prime factors of (-2006)/(-14) + -1 - 18/63?
2, 71
Suppose -3*f + 9 = p + 2*f, -5*p = 5*f - 45. Suppose -40 = 5*w - 3*l - p, -2*w + 2*l = 14. Let s = 18 - w. List the prime factors of s.
23
Let b(s) = 32*s + 95. What are the prime factors of b(8)?
3, 13
Suppose 12*p = 7444 + 956. List the prime factors of p.
2, 5, 7
Let p = 105 - 60. Let m = -19 + p. List the prime factors of m.
2, 13
Let z(i) be the second derivative of i**5/20 + i**4/6 - 2*i**3/3 + 3*i**2/2 + i. Suppose 7*k + 4 - 18 = 0. What are the prime factors of z(k)?
11
Suppose 0 = 3*i - n - 7, -3*n + 31 = 4*i - 0*n. Let t be (-3 + 3)/(-2) + i. Suppose -2*x + 44 = t. List the prime factors of x.
2, 5
Let v(x) = 2*x**2 - 35*x + 6. Let b(w) = -5*w**2 + 106*w - 17. Let g(q) = -3*b(q) - 8*v(q). List the prime factors of g(-27).
2, 3, 5
Let k(q) = -q**3 - 6*q**2 - 4*q + 1. Let d be k(-5). Let l be 1 + 4/(d/(-9)). Suppose -5*h + l + 12 = -2*n, -2*h - n + 16 = 0. List the prime factors of h.
2, 3
Suppose -4*d + 18 = -3*v + 5, 5*v - 9 = -d. List the prime factors of 29 + 6/(((-6)/v)/(-3)).
2
Suppose 0 = 3*f - 55 + 4. List the prime factors of f.
17
Let d(u) = 5*u + 10. What are the prime factors of d(0)?
2, 5
Let k be (-2)/(-4) + (-5)/2. Let b be (-481)/(-7) - k/7. Suppose 0 = -5*p + 81 + b. What are the prime factors of p?
2, 3, 5
Suppose 2*p = 5*g + 10, 5*g = -p - 2*p + 15. Let w(o) = -o**3 + 2*o - 2. Let c be w(g). List the prime factors of (-1 - 0)/(c/76).
2, 19
Let t be ((-40)/(-6) - 6)/(2/12). Suppose -t*l - 4*w = -412, 2*l - 246 = 2*w - 36. List the prime factors of l.
2, 13
Let l(r) = 28*r**3 + 2*r**2 - 3. Let q be l(2). Let h = q - 129. What are the prime factors of h?
2, 5
Let a = 0 + -1. Suppose 0 = -3*y - 4*j + 31, -j - 2 = 4*y - 26. Let k = y + a. What are the prime factors of k?
2
Let t = -61 + -7. Let k = t - -89. List the prime factors of k.
3, 7
Suppose 0 = 3*b - 4*b + 7. Suppose -207 = -b*m - 18. List the prime factors of m.
3
Let s(q) be the third derivative of -q**5/60 - q**4/24 + 25*q**3/6 - 20*q**2. List the prime factors of s(0).
5
Let a be (-7 + -1 + 4)/(-1). Suppose 6 = -3*t, 3*t + 398 + a = 2*w. What are the prime factors of w?
2, 3, 11
Suppose 10*q = 9*q + 413. List the prime factors of q.
7, 59
List the prime factors of -8 - (-259 + (4 - 3)).
2, 5
Suppose -b - 107 + 647 = q, -530 = -b + 4*q. What are the prime factors of b?
2, 269
Let g(q) = 8*q + 14. Let x be g(9). Suppose 5*b - 4*z + 2*z - 247 = 0, -x = -2*b + 4*z. What are the prime factors of b?
3, 17
Let c(p) = -15*p - 17. Let a be c(-4). Suppose 4*r = a + 5. Suppose -r*o + 5*o + 336 = 0. What are the prime factors of o?
2, 3
Let p be (-4)/10 - (-104)/(-65). Let v be (-122)/(-1 + (p - -1)). Let o = v + -34. What are the prime factors of o?
3
Let k(w) = -w**3 + w + 3. Let l(g) = -g**2 - 3*g + 14. Let v be l(-6). List the prime factors of k(v).
3, 7
Let z(t) = -2*t - 4. Let o be z(-2). Let h be (o - -2)/(6/(-219)). Let v = -42 - h. List the prime factors of v.
31
Let w(i) = -2*i + 22. Let t be w(0). What are the prime factors of ((-78)/(-4))/(t/44)?
3, 13
Let f(g) = g**2 - 7. Let c be f(3). List the prime factors of -1 - (1 + (-22 - c)).
2, 11
Suppose 2*q - 1075 = -3*q. Suppose q = -8*p + 3*p. What are the prime factors of 6/24 - p/4?
11
Let j(n) = 9*n - 2. Let o be j(2). Let t be (-30)/(-12)*o/10. Suppose d - 5 = -z - 0*z, 5*d = -t*z + 17. What are the prime factors of z?
2
Let k = 53 + -41. Let n(w) = 14*w - 38. What are the prime factors of n(k)?
2, 5, 13
Suppose -4*k + 2*u = -21896, 196 = -u + 200. What are the prime factors of k?
2, 37
Suppose -5*s - 2*t + 169 = 0, -3*t - 134 + 41 = -3*s. List the prime factors of s.
3, 11
Let t be 2 + -3 + (-6)/(-1).